{"id":155,"date":"2019-03-29T12:05:54","date_gmt":"2019-03-29T15:05:54","guid":{"rendered":"http:\/\/10.101.10.197\/edhyaj\/?page_id=155"},"modified":"2026-03-18T08:51:44","modified_gmt":"2026-03-18T11:51:44","slug":"plan","status":"publish","type":"page","link":"https:\/\/edhyaj.fcejs.unsl.edu.ar\/index.php\/plan\/","title":{"rendered":"Plan de Estudio"},"content":{"rendered":"\t\t<div data-elementor-type=\"wp-post\" data-elementor-id=\"155\" class=\"elementor elementor-155\">\n\t\t\t\t\t\t<section class=\"elementor-section elementor-top-section elementor-element elementor-element-d6a14d2 elementor-section-full_width elementor-section-stretched elementor-section-height-default elementor-section-height-default\" data-id=\"d6a14d2\" data-element_type=\"section\" data-e-type=\"section\" data-settings=\"{&quot;stretch_section&quot;:&quot;section-stretched&quot;,&quot;background_background&quot;:&quot;classic&quot;}\">\n\t\t\t\t\t\t\t<div class=\"elementor-background-overlay\"><\/div>\n\t\t\t\t\t\t\t<div class=\"elementor-container elementor-column-gap-default\">\n\t\t\t\t\t<div class=\"elementor-column elementor-col-100 elementor-top-column elementor-element elementor-element-b8ac4f8\" data-id=\"b8ac4f8\" data-element_type=\"column\" data-e-type=\"column\" data-settings=\"{&quot;background_background&quot;:&quot;classic&quot;}\">\n\t\t\t<div class=\"elementor-widget-wrap elementor-element-populated\">\n\t\t\t\t\t\t<div class=\"elementor-element elementor-element-de52576 elementor-widget elementor-widget-text-editor\" data-id=\"de52576\" data-element_type=\"widget\" data-e-type=\"widget\" data-widget_type=\"text-editor.default\">\n\t\t\t\t<div class=\"elementor-widget-container\">\n\t\t\t\t\t\t\t\t\t<h4 class=\"title wow fadeInUp\" data-wow-duration=\"1s\" data-wow-delay=\"0.3s\">ESPECIALIZACI\u00d3N EN DDHH Y ACCESO A LA JUSTICIA<\/h4><p>Facultad de Ciencias Econ\u00f3micas, Jur\u00eddicas y Sociales<\/p>\t\t\t\t\t\t\t\t<\/div>\n\t\t\t\t<\/div>\n\t\t\t\t\t<\/div>\n\t\t<\/div>\n\t\t\t\t\t<\/div>\n\t\t<\/section>\n\t\t\t\t<section class=\"elementor-section elementor-top-section elementor-element elementor-element-7314 elementor-section-full_width elementor-section-stretched elementor-section-height-default elementor-section-height-default\" data-id=\"7314\" data-element_type=\"section\" data-e-type=\"section\" data-settings=\"{&quot;background_background&quot;:&quot;classic&quot;,&quot;stretch_section&quot;:&quot;section-stretched&quot;,&quot;shape_divider_bottom&quot;:&quot;opacity-tilt&quot;,&quot;shape_divider_top&quot;:&quot;opacity-tilt&quot;}\">\n\t\t\t\t\t\t\t<div class=\"elementor-background-overlay\"><\/div>\n\t\t\t\t\t\t<div class=\"elementor-shape elementor-shape-top\" aria-hidden=\"true\" data-negative=\"false\">\n\t\t\t<svg xmlns=\"http:\/\/www.w3.org\/2000\/svg\" viewBox=\"0 0 2600 131.1\" preserveAspectRatio=\"none\">\n\t<path class=\"elementor-shape-fill\" d=\"M0 0L2600 0 2600 69.1 0 0z\"\/>\n\t<path class=\"elementor-shape-fill\" style=\"opacity:0.5\" d=\"M0 0L2600 0 2600 69.1 0 69.1z\"\/>\n\t<path class=\"elementor-shape-fill\" style=\"opacity:0.25\" d=\"M2600 0L0 0 0 130.1 2600 69.1z\"\/>\n<\/svg>\t\t<\/div>\n\t\t\t\t<div class=\"elementor-shape elementor-shape-bottom\" aria-hidden=\"true\" data-negative=\"false\">\n\t\t\t<svg xmlns=\"http:\/\/www.w3.org\/2000\/svg\" viewBox=\"0 0 2600 131.1\" preserveAspectRatio=\"none\">\n\t<path class=\"elementor-shape-fill\" d=\"M0 0L2600 0 2600 69.1 0 0z\"\/>\n\t<path class=\"elementor-shape-fill\" style=\"opacity:0.5\" d=\"M0 0L2600 0 2600 69.1 0 69.1z\"\/>\n\t<path class=\"elementor-shape-fill\" style=\"opacity:0.25\" d=\"M2600 0L0 0 0 130.1 2600 69.1z\"\/>\n<\/svg>\t\t<\/div>\n\t\t\t\t\t<div class=\"elementor-container elementor-column-gap-default\">\n\t\t\t\t\t<div class=\"elementor-column elementor-col-100 elementor-top-column elementor-element elementor-element-6967\" data-id=\"6967\" data-element_type=\"column\" data-e-type=\"column\">\n\t\t\t<div class=\"elementor-widget-wrap elementor-element-populated\">\n\t\t\t\t\t\t<section class=\"elementor-section elementor-inner-section elementor-element elementor-element-4926 elementor-section-boxed elementor-section-height-default elementor-section-height-default\" data-id=\"4926\" data-element_type=\"section\" data-e-type=\"section\">\n\t\t\t\t\t\t<div class=\"elementor-container elementor-column-gap-no\">\n\t\t\t\t\t<div class=\"elementor-column elementor-col-100 elementor-inner-column elementor-element elementor-element-f3430d1\" data-id=\"f3430d1\" data-element_type=\"column\" data-e-type=\"column\" data-settings=\"{&quot;background_background&quot;:&quot;classic&quot;}\">\n\t\t\t<div class=\"elementor-widget-wrap elementor-element-populated\">\n\t\t\t\t\t\t<div class=\"elementor-element elementor-element-bb2304a elementor-invisible elementor-widget elementor-widget-button\" data-id=\"bb2304a\" data-element_type=\"widget\" data-e-type=\"widget\" data-settings=\"{&quot;_animation&quot;:&quot;fadeIn&quot;}\" data-widget_type=\"button.default\">\n\t\t\t\t<div class=\"elementor-widget-container\">\n\t\t\t\t\t\t\t\t\t<div class=\"elementor-button-wrapper\">\n\t\t\t\t\t<a class=\"elementor-button elementor-button-link elementor-size-sm\" href=\"https:\/\/edhyaj.fcejs.unsl.edu.ar\/\">\n\t\t\t\t\t\t<span class=\"elementor-button-content-wrapper\">\n\t\t\t\t\t\t<span class=\"elementor-button-icon\">\n\t\t\t\t\t\t\t\t\t<i class=\"fa fa-backward\" aria-hidden=\"true\"><\/i>\n\t\t\t\t\t\t\t<\/span>\n\t\t\t\t\t\t\t\t\t<span class=\"elementor-button-text\">Volver<\/span>\n\t\t\t\t\t<\/span>\n\t\t\t\t\t<\/a>\n\t\t\t\t<\/div>\n\t\t\t\t\t\t\t\t<\/div>\n\t\t\t\t<\/div>\n\t\t\t\t<div class=\"elementor-element elementor-element-fdeb3d3 elementor-widget elementor-widget-heading\" data-id=\"fdeb3d3\" data-element_type=\"widget\" data-e-type=\"widget\" data-widget_type=\"heading.default\">\n\t\t\t\t<div class=\"elementor-widget-container\">\n\t\t\t\t\t<h2 class=\"elementor-heading-title elementor-size-default\">Plan de Estudio<\/h2>\t\t\t\t<\/div>\n\t\t\t\t<\/div>\n\t\t\t\t\t<\/div>\n\t\t<\/div>\n\t\t\t\t\t<\/div>\n\t\t<\/section>\n\t\t\t\t<div class=\"elementor-element elementor-element-cb80cc4 elementor-widget elementor-widget-heading\" data-id=\"cb80cc4\" data-element_type=\"widget\" data-e-type=\"widget\" data-widget_type=\"heading.default\">\n\t\t\t\t<div class=\"elementor-widget-container\">\n\t\t\t\t\t<h4 class=\"elementor-heading-title elementor-size-default\">Cursos Obligatorios<\/h4>\t\t\t\t<\/div>\n\t\t\t\t<\/div>\n\t\t\t\t<section class=\"elementor-section elementor-inner-section elementor-element elementor-element-0ff28f4 elementor-section-boxed elementor-section-height-default elementor-section-height-default\" data-id=\"0ff28f4\" data-element_type=\"section\" data-e-type=\"section\" data-settings=\"{&quot;background_background&quot;:&quot;classic&quot;}\">\n\t\t\t\t\t\t<div class=\"elementor-container elementor-column-gap-no\">\n\t\t\t\t\t<div class=\"elementor-column elementor-col-100 elementor-inner-column elementor-element elementor-element-fd78b30\" data-id=\"fd78b30\" data-element_type=\"column\" data-e-type=\"column\" data-settings=\"{&quot;background_background&quot;:&quot;classic&quot;}\">\n\t\t\t<div class=\"elementor-widget-wrap elementor-element-populated\">\n\t\t\t\t\t\t<div class=\"elementor-element elementor-element-10391dc elementor-widget elementor-widget-text-editor\" data-id=\"10391dc\" data-element_type=\"widget\" data-e-type=\"widget\" data-widget_type=\"text-editor.default\">\n\t\t\t\t<div class=\"elementor-widget-container\">\n\t\t\t\t\t\t\t\t\t<table width=\"94%\"><tbody><tr><td width=\"49%\"><p><strong>ACTIVIDADES CURRICULARES<\/strong><\/p><\/td><td width=\"14%\"><p><strong>Semestre<\/strong><\/p><\/td><td width=\"11%\"><p><strong>Carga Te\u00f3rica<\/strong><\/p><\/td><td width=\"12%\"><p><strong>Carga Pr\u00e1ctica<\/strong><\/p><\/td><td width=\"12%\"><p><strong>TOTAL<\/strong><\/p><\/td><\/tr><tr><td width=\"49%\"><p>Historia y vigencia de los derechos humanos<\/p><\/td><td width=\"14%\"><p>1\u00ba<\/p><\/td><td width=\"11%\"><p>30<\/p><\/td><td width=\"12%\">\u00a0<\/td><td width=\"12%\"><p>30<\/p><\/td><\/tr><tr><td width=\"49%\"><p>Actualidad latinoamericana e internacional en derechos humanos<\/p><\/td><td width=\"14%\"><p>1\u00ba<\/p><\/td><td width=\"11%\"><p>15<\/p><\/td><td width=\"12%\"><p>5<\/p><\/td><td width=\"12%\"><p>20<\/p><\/td><\/tr><tr><td width=\"49%\"><p>Democracia, vulnerabilidad y acceso a la justicia\u00a0<\/p><\/td><td width=\"14%\"><p>1\u00ba<\/p><\/td><td width=\"11%\"><p>20<\/p><\/td><td width=\"12%\"><p>10\u00a0<\/p><\/td><td width=\"12%\"><p>30<\/p><\/td><\/tr><tr><td width=\"49%\"><p>Exigibilidad de derechos sociales<\/p><\/td><td width=\"14%\"><p>1\u00ba<\/p><\/td><td width=\"11%\"><p>10<\/p><\/td><td width=\"12%\"><p>10<\/p><\/td><td width=\"12%\"><p>20<\/p><\/td><\/tr><tr><td width=\"49%\"><p>Garant\u00edas y procesos constitucionales de los derechos humanos<\/p><\/td><td width=\"14%\"><p>1\u00ba<\/p><\/td><td width=\"11%\"><p>10<\/p><\/td><td width=\"12%\"><p>10<\/p><\/td><td width=\"12%\"><p>20<\/p><\/td><\/tr><tr><td width=\"49%\"><p>Derecho penal y acceso a la justicia<\/p><\/td><td width=\"14%\"><p>1\u00ba<\/p><\/td><td width=\"11%\"><p>20<\/p><\/td><td width=\"12%\"><p>5\u00a0<\/p><\/td><td width=\"12%\"><p>25<\/p><\/td><\/tr><tr><td width=\"49%\"><p>El derecho privado como derecho de la persona<\/p><\/td><td width=\"14%\"><p>2\u00ba<\/p><\/td><td width=\"11%\"><p>20<\/p><\/td><td width=\"12%\"><p>5<\/p><\/td><td width=\"12%\"><p>25<\/p><\/td><\/tr><tr><td width=\"49%\"><p>Derecho ambiental y acceso a la justicia<\/p><\/td><td width=\"14%\"><p>2\u00ba<\/p><\/td><td width=\"11%\"><p>10<\/p><\/td><td width=\"12%\"><p>10<\/p><\/td><td width=\"12%\"><p>20<\/p><\/td><\/tr><tr><td width=\"49%\"><p>Paradigmas, principios e instituciones del acceso a la justicia<\/p><\/td><td width=\"14%\"><p>2\u00ba<\/p><\/td><td width=\"11%\"><p>20<\/p><\/td><td width=\"12%\"><p>20<\/p><\/td><td width=\"12%\"><p>40<\/p><\/td><\/tr><tr><td width=\"49%\"><p>Metodolog\u00eda de la investigaci\u00f3n socio-jur\u00eddica<\/p><\/td><td width=\"14%\"><p>2\u00ba<\/p><\/td><td width=\"11%\"><p>20<\/p><\/td><td width=\"12%\">\u00a0<\/td><td width=\"12%\"><p>20<\/p><\/td><\/tr><tr><td width=\"49%\"><p><strong>TOTAL HORAS DE CURSOS OBLIGATORIOS<\/strong><\/p><\/td><td width=\"14%\">\u00a0<\/td><td width=\"11%\"><p><strong>175<\/strong><\/p><\/td><td width=\"12%\"><p><strong>75<\/strong><\/p><\/td><td width=\"12%\"><p><strong>250<\/strong><\/p><\/td><\/tr><tr><td width=\"49%\"><p><strong>TALLERES OBLIGATORIOS<\/strong><\/p><\/td><td width=\"14%\"><p><strong>\u00a0<\/strong><\/p><\/td><td width=\"11%\"><p><strong>\u00a0<\/strong><\/p><\/td><td width=\"12%\"><p><strong>\u00a0<\/strong><\/p><\/td><td width=\"12%\"><p><strong>\u00a0<\/strong><\/p><\/td><\/tr><tr><td width=\"49%\"><p>Taller integrador<\/p><\/td><td width=\"14%\"><p>2\u00ba<\/p><\/td><td width=\"11%\"><p>10<\/p><\/td><td width=\"12%\"><p>10<\/p><\/td><td width=\"12%\"><p>20<\/p><\/td><\/tr><tr><td width=\"49%\"><p>Taller de trabajo final<\/p><\/td><td width=\"14%\"><p>3\u00ba<\/p><\/td><td width=\"11%\">\u00a0<\/td><td width=\"12%\"><p>30<\/p><\/td><td width=\"12%\"><p>30<\/p><\/td><\/tr><tr><td width=\"49%\"><p><strong>TOTAL HORAS DE TALLERES <\/strong><\/p><\/td><td width=\"14%\"><p><strong>\u00a0<\/strong><\/p><\/td><td width=\"11%\"><p><strong>10<\/strong><\/p><\/td><td width=\"12%\"><p><strong>40<\/strong><\/p><\/td><td width=\"12%\"><p><strong>50<\/strong><\/p><\/td><\/tr><tr><td width=\"49%\"><p><strong>SEMINARIOS OPTATIVOS<\/strong><\/p><\/td><td width=\"14%\"><p>1\u00ba, 2\u00ba y 3\u00ba<\/p><\/td><td width=\"11%\">\u00a0<\/td><td width=\"12%\">\u00a0<\/td><td width=\"12%\"><p><strong>80<\/strong><\/p><\/td><\/tr><tr><td width=\"49%\"><p><strong>TUTOR\u00cdAS<\/strong><\/p><\/td><td width=\"14%\">\u00a0<\/td><td width=\"11%\">\u00a0<\/td><td width=\"12%\">\u00a0<\/td><td width=\"12%\"><p><strong>30<\/strong><\/p><\/td><\/tr><tr><td width=\"49%\"><p><strong>CR\u00c9DITO HORARIO TOTAL DE LA CARRERA<\/strong><\/p><\/td><td width=\"14%\">\u00a0<\/td><td width=\"11%\">\u00a0<\/td><td width=\"12%\">\u00a0<\/td><td width=\"12%\"><p><strong>410<\/strong><\/p><\/td><\/tr><\/tbody><\/table><table width=\"100%\"><tbody><tr><td width=\"86%\"><p><strong>SEMINARIOS OPTATIVOS <\/strong><\/p><\/td><td width=\"13%\"><p><strong>Horas<\/strong><\/p><\/td><\/tr><tr><td width=\"86%\"><p>1.\u00a0\u00a0\u00a0\u00a0\u00a0\u00a0 Herramientas jur\u00eddicas para de protecci\u00f3n de la vulnerabilidad en el derecho privado\u00a0 patrimonial<\/p><\/td><td width=\"13%\"><p>40<\/p><\/td><\/tr><tr><td width=\"86%\"><p>2.\u00a0\u00a0\u00a0\u00a0\u00a0\u00a0 Derecho de las familias y acceso a la justicia en el derecho nacional e internacional<\/p><\/td><td width=\"13%\"><p>40<\/p><\/td><\/tr><tr><td width=\"86%\"><p>3.\u00a0\u00a0\u00a0\u00a0\u00a0\u00a0 El trabajo humano y el acceso a la justicia en el derecho laboral\u00a0 y sindical<\/p><\/td><td width=\"13%\"><p>40<\/p><\/td><\/tr><tr><td width=\"86%\"><p>4.\u00a0\u00a0\u00a0\u00a0\u00a0\u00a0 Derecho internacional de los derechos humanos y\u00a0 problemas de acceso a la justicia<\/p><\/td><td width=\"13%\"><p>20<\/p><\/td><\/tr><tr><td width=\"86%\"><p>5.\u00a0\u00a0\u00a0\u00a0\u00a0\u00a0 Acceso a la salud\u00a0<\/p><\/td><td width=\"13%\"><p>20<\/p><\/td><\/tr><tr><td width=\"86%\"><p>6.\u00a0\u00a0\u00a0\u00a0\u00a0\u00a0 Democracia de los derechos\u00a0<\/p><\/td><td width=\"13%\"><p>20<\/p><\/td><\/tr><tr><td width=\"86%\"><p>7.\u00a0\u00a0\u00a0\u00a0\u00a0\u00a0 Derechos humanos desde una perspectiva de g\u00e9nero\u00a0<\/p><\/td><td width=\"13%\"><p>20<\/p><\/td><\/tr><tr><td width=\"86%\"><p>8.\u00a0\u00a0\u00a0\u00a0\u00a0\u00a0 La cuesti\u00f3n juvenil desde las ciencias sociales<\/p><\/td><td width=\"13%\"><p>20<\/p><\/td><\/tr><tr><td width=\"86%\"><p>9.\u00a0\u00a0\u00a0\u00a0\u00a0\u00a0 Educaci\u00f3n social y construcci\u00f3n de ciudadan\u00eda<\/p><\/td><td width=\"13%\"><p>20<\/p><\/td><\/tr><tr><td width=\"86%\"><p>10.\u00a0\u00a0 Antropolog\u00eda, derechos y pol\u00edticas. Miradas hacia la intervenci\u00f3n<\/p><\/td><td width=\"13%\"><p>20<\/p><\/td><\/tr><tr><td width=\"86%\"><p>11.\u00a0\u00a0 Los derechos humanos entre el an\u00e1lisis y la interpretaci\u00f3n: comprender y justificar<\/p><\/td><td width=\"13%\"><p>20<\/p><\/td><\/tr><tr><td width=\"86%\"><p>12.\u00a0\u00a0 La vida cotidiana las ciencias sociales.<\/p><\/td><td width=\"13%\"><p>20<\/p><\/td><\/tr><tr><td width=\"86%\"><p>13.\u00a0\u00a0 Michel Foucault\u00a0 : las ciencia sociales y las instituciones<\/p><\/td><td width=\"13%\"><p>30<\/p><\/td><\/tr><tr><td width=\"86%\"><p>14.\u00a0\u00a0 Derecho penal y g\u00e9nero<\/p><\/td><td width=\"13%\"><p>20<\/p><\/td><\/tr><tr><td width=\"86%\"><p>15.\u00a0\u00a0 An\u00e1lisis y perspectiva de las pol\u00edticas sociales del Estado y la sociedad civil para la infancia y la juventud,\u00a0 desde la perspectiva de los derechos<\/p><\/td><td width=\"13%\"><p>20<\/p><\/td><\/tr><tr><td width=\"86%\"><p>16.\u00a0\u00a0 Acceso a la justicia del administrado<\/p><\/td><td width=\"13%\"><p>20<\/p><\/td><\/tr><tr><td width=\"86%\"><p>17.\u00a0\u00a0 Problemas actuales de derecho penal. Migraci\u00f3n. Narcotr\u00e1fico<\/p><\/td><td width=\"13%\"><p>20<\/p><\/td><\/tr><tr><td width=\"86%\"><p>18.\u00a0\u00a0 Las v\u00edctimas en el proceso penal y la defensa p\u00fablica<\/p><\/td><td width=\"13%\"><p>20<\/p><\/td><\/tr><tr><td width=\"86%\"><p>19.\u00a0\u00a0 Pol\u00edticas sociales, ciudadan\u00eda y clientelismo<\/p><\/td><td width=\"13%\"><p>20<\/p><\/td><\/tr><tr><td width=\"86%\"><p>20.\u00a0\u00a0 Discapacidad y Derechos Humanos<\/p><\/td><td width=\"13%\"><p>40<\/p><\/td><\/tr><tr><td width=\"86%\"><p>21.\u00a0\u00a0 Derecho accesible\u00a0 y tecnolog\u00eda en la Justicia<\/p><\/td><td width=\"13%\"><p>20<\/p><\/td><\/tr><tr><td width=\"86%\"><p>22.\u00a0\u00a0 Participaci\u00f3n ciudadana y organizaciones de la sociedad civil<\/p><\/td><td width=\"13%\"><p>20<\/p><\/td><\/tr><tr><td width=\"86%\"><p>23.\u00a0\u00a0 Din\u00e1micas Institucionales y Empoderamiento.<\/p><\/td><td width=\"13%\"><p>20<\/p><\/td><\/tr><\/tbody><\/table><p>\u00a0<\/p>\t\t\t\t\t\t\t\t<\/div>\n\t\t\t\t<\/div>\n\t\t\t\t<div class=\"elementor-element elementor-element-00efb75 elementor-widget elementor-widget-text-editor\" data-id=\"00efb75\" data-element_type=\"widget\" data-e-type=\"widget\" data-widget_type=\"text-editor.default\">\n\t\t\t\t<div class=\"elementor-widget-container\">\n\t\t\t\t\t\t\t\t\t<p>A medida que avance el dictado de la carrera y acorde a los requerimientos que surjan, se podr\u00e1 especificar nuevos cursos optativos tendientes a cubrir otras \u00e1reas o profundizar tem\u00e1ticas.<br \/>El Comit\u00e9 Acad\u00e9mico puede acreditar seminarios o asignaturas dictadas y que re\u00fanan los requisitos establecidos por CONEAU.<\/p><p><em>\u00a0<\/em><strong>TRABAJO FINAL INTEGRADOR (TFI):<\/strong><\/p><p>Los alumnos deben elaborar un trabajo final integrador, individual, que refleje un proceso cr\u00edtico de reflexi\u00f3n y an\u00e1lisis sobre los contenidos estudiados. El TFI debe abordar un problema de exigibilidad de derechos y una propuesta de resoluci\u00f3n para viabilizar el acceso a la justicia, bajo el formato de proyecto, obra, estudio de casos, ensayo, informe de trabajo de campo u otras que permitan evidenciar la integraci\u00f3n de aprendizajes realizados en el proceso formativo.<\/p><p>La presentaci\u00f3n escrita reunir\u00e1 las condiciones de un trabajo acad\u00e9mico. El TFI ser\u00e1 realizado de manera individual por cada estudiante bajo la supervisi\u00f3n de un Director o Directores, pudiendo contar con un Codirector, que re\u00fanan los requerimientos de la normativa de posgrado vigente en la Universidad Nacional de San Luis (Ord CS N\u00ba 35).<\/p>\t\t\t\t\t\t\t\t<\/div>\n\t\t\t\t<\/div>\n\t\t\t\t\t<\/div>\n\t\t<\/div>\n\t\t\t\t\t<\/div>\n\t\t<\/section>\n\t\t\t\t\t<\/div>\n\t\t<\/div>\n\t\t\t\t\t<\/div>\n\t\t<\/section>\n\t\t\t\t<\/div>\n\t\t","protected":false},"excerpt":{"rendered":"<p>ESPECIALIZACI\u00d3N EN DDHH Y ACCESO A LA JUSTICIA Facultad de Ciencias Econ\u00f3micas, Jur\u00eddicas y Sociales Volver Plan de Estudio Cursos Obligatorios ACTIVIDADES CURRICULARES Semestre Carga&hellip;<\/p>\n","protected":false},"author":2,"featured_media":0,"parent":0,"menu_order":0,"comment_status":"closed","ping_status":"closed","template":"","meta":{"_exactmetrics_skip_tracking":false,"_exactmetrics_sitenote_active":false,"_exactmetrics_sitenote_note":"","_exactmetrics_sitenote_category":0,"footnotes":""},"class_list":["post-155","page","type-page","status-publish","hentry"],"_links":{"self":[{"href":"https:\/\/edhyaj.fcejs.unsl.edu.ar\/index.php\/wp-json\/wp\/v2\/pages\/155","targetHints":{"allow":["GET"]}}],"collection":[{"href":"https:\/\/edhyaj.fcejs.unsl.edu.ar\/index.php\/wp-json\/wp\/v2\/pages"}],"about":[{"href":"https:\/\/edhyaj.fcejs.unsl.edu.ar\/index.php\/wp-json\/wp\/v2\/types\/page"}],"author":[{"embeddable":true,"href":"https:\/\/edhyaj.fcejs.unsl.edu.ar\/index.php\/wp-json\/wp\/v2\/users\/2"}],"replies":[{"embeddable":true,"href":"https:\/\/edhyaj.fcejs.unsl.edu.ar\/index.php\/wp-json\/wp\/v2\/comments?post=155"}],"version-history":[{"count":15,"href":"https:\/\/edhyaj.fcejs.unsl.edu.ar\/index.php\/wp-json\/wp\/v2\/pages\/155\/revisions"}],"predecessor-version":[{"id":668,"href":"https:\/\/edhyaj.fcejs.unsl.edu.ar\/index.php\/wp-json\/wp\/v2\/pages\/155\/revisions\/668"}],"wp:attachment":[{"href":"https:\/\/edhyaj.fcejs.unsl.edu.ar\/index.php\/wp-json\/wp\/v2\/media?parent=155"}],"curies":[{"name":"wp","href":"https:\/\/api.w.org\/{rel}","templated":true}]}}