{"id":199,"date":"2019-05-21T09:21:03","date_gmt":"2019-05-21T12:21:03","guid":{"rendered":"http:\/\/10.101.10.197\/edhyaj\/?page_id=199"},"modified":"2019-06-05T08:43:25","modified_gmt":"2019-06-05T11:43:25","slug":"docente","status":"publish","type":"page","link":"https:\/\/edhyaj.fcejs.unsl.edu.ar\/index.php\/docente\/","title":{"rendered":"Cuerpo Docente"},"content":{"rendered":"\t\t<div data-elementor-type=\"wp-post\" data-elementor-id=\"199\" class=\"elementor elementor-199\">\n\t\t\t\t\t\t<section class=\"elementor-section elementor-top-section elementor-element elementor-element-d6a14d2 elementor-section-full_width elementor-section-stretched elementor-section-height-default elementor-section-height-default\" data-id=\"d6a14d2\" data-element_type=\"section\" data-e-type=\"section\" data-settings=\"{&quot;stretch_section&quot;:&quot;section-stretched&quot;,&quot;background_background&quot;:&quot;classic&quot;}\">\n\t\t\t\t\t\t\t<div class=\"elementor-background-overlay\"><\/div>\n\t\t\t\t\t\t\t<div class=\"elementor-container elementor-column-gap-default\">\n\t\t\t\t\t<div class=\"elementor-column elementor-col-100 elementor-top-column elementor-element elementor-element-b8ac4f8\" data-id=\"b8ac4f8\" data-element_type=\"column\" data-e-type=\"column\" data-settings=\"{&quot;background_background&quot;:&quot;classic&quot;}\">\n\t\t\t<div class=\"elementor-widget-wrap elementor-element-populated\">\n\t\t\t\t\t\t<div class=\"elementor-element elementor-element-de52576 elementor-widget elementor-widget-text-editor\" data-id=\"de52576\" data-element_type=\"widget\" data-e-type=\"widget\" data-widget_type=\"text-editor.default\">\n\t\t\t\t<div class=\"elementor-widget-container\">\n\t\t\t\t\t\t\t\t\t<h4 class=\"title wow fadeInUp\" data-wow-duration=\"1s\" data-wow-delay=\"0.3s\">ESPECIALIZACI\u00d3N EN DDHH Y ACCESO A LA JUSTICIA<\/h4><p>Facultad de Ciencias Econ\u00f3micas, Jur\u00eddicas y Sociales<\/p>\t\t\t\t\t\t\t\t<\/div>\n\t\t\t\t<\/div>\n\t\t\t\t\t<\/div>\n\t\t<\/div>\n\t\t\t\t\t<\/div>\n\t\t<\/section>\n\t\t\t\t<section class=\"elementor-section elementor-top-section elementor-element elementor-element-7314 elementor-section-full_width elementor-section-stretched elementor-section-height-default elementor-section-height-default\" data-id=\"7314\" data-element_type=\"section\" data-e-type=\"section\" data-settings=\"{&quot;background_background&quot;:&quot;classic&quot;,&quot;stretch_section&quot;:&quot;section-stretched&quot;,&quot;shape_divider_bottom&quot;:&quot;opacity-tilt&quot;,&quot;shape_divider_top&quot;:&quot;opacity-tilt&quot;}\">\n\t\t\t\t\t\t\t<div class=\"elementor-background-overlay\"><\/div>\n\t\t\t\t\t\t<div class=\"elementor-shape elementor-shape-top\" aria-hidden=\"true\" data-negative=\"false\">\n\t\t\t<svg xmlns=\"http:\/\/www.w3.org\/2000\/svg\" viewBox=\"0 0 2600 131.1\" preserveAspectRatio=\"none\">\n\t<path class=\"elementor-shape-fill\" d=\"M0 0L2600 0 2600 69.1 0 0z\"\/>\n\t<path class=\"elementor-shape-fill\" style=\"opacity:0.5\" d=\"M0 0L2600 0 2600 69.1 0 69.1z\"\/>\n\t<path class=\"elementor-shape-fill\" style=\"opacity:0.25\" d=\"M2600 0L0 0 0 130.1 2600 69.1z\"\/>\n<\/svg>\t\t<\/div>\n\t\t\t\t<div class=\"elementor-shape elementor-shape-bottom\" aria-hidden=\"true\" data-negative=\"false\">\n\t\t\t<svg xmlns=\"http:\/\/www.w3.org\/2000\/svg\" viewBox=\"0 0 2600 131.1\" preserveAspectRatio=\"none\">\n\t<path class=\"elementor-shape-fill\" d=\"M0 0L2600 0 2600 69.1 0 0z\"\/>\n\t<path class=\"elementor-shape-fill\" style=\"opacity:0.5\" d=\"M0 0L2600 0 2600 69.1 0 69.1z\"\/>\n\t<path class=\"elementor-shape-fill\" style=\"opacity:0.25\" d=\"M2600 0L0 0 0 130.1 2600 69.1z\"\/>\n<\/svg>\t\t<\/div>\n\t\t\t\t\t<div class=\"elementor-container elementor-column-gap-default\">\n\t\t\t\t\t<div class=\"elementor-column elementor-col-100 elementor-top-column elementor-element elementor-element-6967\" data-id=\"6967\" data-element_type=\"column\" data-e-type=\"column\">\n\t\t\t<div class=\"elementor-widget-wrap elementor-element-populated\">\n\t\t\t\t\t\t<section class=\"elementor-section elementor-inner-section elementor-element elementor-element-4926 elementor-section-boxed elementor-section-height-default elementor-section-height-default\" data-id=\"4926\" data-element_type=\"section\" data-e-type=\"section\">\n\t\t\t\t\t\t<div class=\"elementor-container elementor-column-gap-no\">\n\t\t\t\t\t<div class=\"elementor-column elementor-col-100 elementor-inner-column elementor-element elementor-element-f3430d1\" data-id=\"f3430d1\" data-element_type=\"column\" data-e-type=\"column\" data-settings=\"{&quot;background_background&quot;:&quot;classic&quot;}\">\n\t\t\t<div class=\"elementor-widget-wrap elementor-element-populated\">\n\t\t\t\t\t\t<div class=\"elementor-element elementor-element-bb2304a elementor-invisible elementor-widget elementor-widget-button\" data-id=\"bb2304a\" data-element_type=\"widget\" data-e-type=\"widget\" data-settings=\"{&quot;_animation&quot;:&quot;fadeIn&quot;}\" data-widget_type=\"button.default\">\n\t\t\t\t<div class=\"elementor-widget-container\">\n\t\t\t\t\t\t\t\t\t<div class=\"elementor-button-wrapper\">\n\t\t\t\t\t<a class=\"elementor-button elementor-button-link elementor-size-sm\" href=\"https:\/\/edhyaj.fcejs.unsl.edu.ar\/\">\n\t\t\t\t\t\t<span class=\"elementor-button-content-wrapper\">\n\t\t\t\t\t\t<span class=\"elementor-button-icon\">\n\t\t\t\t\t\t\t\t\t<i class=\"fa fa-backward\" aria-hidden=\"true\"><\/i>\n\t\t\t\t\t\t\t<\/span>\n\t\t\t\t\t\t\t\t\t<span class=\"elementor-button-text\">Volver<\/span>\n\t\t\t\t\t<\/span>\n\t\t\t\t\t<\/a>\n\t\t\t\t<\/div>\n\t\t\t\t\t\t\t\t<\/div>\n\t\t\t\t<\/div>\n\t\t\t\t<div class=\"elementor-element elementor-element-fdeb3d3 elementor-widget elementor-widget-heading\" data-id=\"fdeb3d3\" data-element_type=\"widget\" data-e-type=\"widget\" data-widget_type=\"heading.default\">\n\t\t\t\t<div class=\"elementor-widget-container\">\n\t\t\t\t\t<h2 class=\"elementor-heading-title elementor-size-default\">Cuerpo Docente<\/h2>\t\t\t\t<\/div>\n\t\t\t\t<\/div>\n\t\t\t\t<div class=\"elementor-element elementor-element-72f1e58 elementor-widget elementor-widget-text-editor\" data-id=\"72f1e58\" data-element_type=\"widget\" data-e-type=\"widget\" data-widget_type=\"text-editor.default\">\n\t\t\t\t<div class=\"elementor-widget-container\">\n\t\t\t\t\t\t\t\t\t<table width=\"614\"><tbody><tr><td width=\"236\"><p><strong>Nombre y Apellido<\/strong><\/p><\/td><td width=\"227\"><p><strong>Titulo<\/strong><\/p><\/td><td width=\"151\"><p><strong>Universidad<\/strong><\/p><\/td><\/tr><tr><td width=\"236\"><p>Dra. Mar\u00eda Gloria Trocello<\/p><\/td><td width=\"227\"><p>Dra. en Derecho P\u00fablico<\/p><\/td><td width=\"151\"><p>UNSL<\/p><\/td><\/tr><tr><td width=\"236\"><p>Dra. Marta Susana Juli\u00e1<\/p><\/td><td width=\"227\"><p>Dra. en Derecho y Cs. Sociales<\/p><\/td><td width=\"151\"><p>UNSL<\/p><\/td><\/tr><tr><td width=\"236\"><p>Dra. Graciela Yolanda Castro \u00a0<\/p><\/td><td width=\"227\"><p>Dra. en Psicolog\u00eda<\/p><\/td><td width=\"151\"><p>UNSL<\/p><\/td><\/tr><tr><td width=\"236\"><p>Dr. Daniel Gustavo Gorra\u00a0<\/p><\/td><td width=\"227\"><p>Dr. en Derecho<\/p><\/td><td width=\"151\"><p>UNSL<\/p><\/td><\/tr><tr><td width=\"236\"><p>Dr. Rub\u00e9n Enrique Figari<\/p><\/td><td width=\"227\"><p>Dr. en Cs Jur\u00eddicas<\/p><\/td><td width=\"151\"><p>UNSL<\/p><\/td><\/tr><tr><td width=\"236\"><p>Dr. Cristian Daniel Altavilla<\/p><\/td><td width=\"227\"><p>Dr. en Derecho y Cs. Sociales<\/p><\/td><td width=\"151\"><p>UNSL<\/p><\/td><\/tr><tr><td width=\"236\"><p>Dra. Liliana Judith Guzm\u00e1n Mu\u00f1oz<\/p><\/td><td width=\"227\"><p>Dra. en Pedagog\u00eda<\/p><\/td><td width=\"151\"><p>UNSL<\/p><\/td><\/tr><tr><td width=\"236\"><p>Dra. Noem\u00ed Lidia Nicolau<\/p><\/td><td width=\"227\"><p>Dra. en Cs Jur\u00eddicas y Sociales<\/p><\/td><td width=\"151\"><p>UNSL-UNR<\/p><\/td><\/tr><tr><td width=\"236\"><p>Dra. Esther Susana Borgarello<\/p><\/td><td width=\"227\"><p>Dra. en Derecho y Cs. Sociales<\/p><\/td><td width=\"151\"><p>UNSL-UNC<\/p><\/td><\/tr><tr><td width=\"236\"><p>Dr. Roberto Jos\u00e9 Dom\u00ednguez<\/p><\/td><td width=\"227\"><p>Dr. en Cs Jur\u00eddicas y Sociales<\/p><\/td><td width=\"151\"><p>UNSL-UNCUYO<\/p><\/td><\/tr><tr><td width=\"236\"><p>Dra. Mar\u00eda del Carmen Cerruti<\/p><\/td><td width=\"227\"><p>Dra. en Derecho y Cs Sociales<\/p><\/td><td width=\"151\"><p>UNSL-UNC<\/p><\/td><\/tr><tr><td width=\"236\"><p>Dra. Adriana Noemi Krasnow\u00a0<\/p><\/td><td width=\"227\"><p>Dra. en Derecho<\/p><\/td><td width=\"151\"><p>UNSL-UNR<\/p><\/td><\/tr><tr><td width=\"236\"><p>Dra. Mar\u00eda In\u00e9s Laje<\/p><\/td><td width=\"227\"><p>Dra. en Sociolog\u00eda<\/p><\/td><td width=\"151\"><p>UNSL-UNC<\/p><\/td><\/tr><tr><td width=\"236\"><p>Dr. Gustavo Alfredo Ag\u00fcero<\/p><\/td><td width=\"227\"><p>Dr. en Filosof\u00eda<\/p><\/td><td width=\"151\"><p>UNSL-UNC<\/p><\/td><\/tr><tr><td width=\"236\"><p>Dr. Pedro Fernando N\u00fa\u00f1ez<\/p><\/td><td width=\"227\"><p>Dr. en Cs Sociales<\/p><\/td><td width=\"151\"><p>UNSL. UBA.FLACSO<\/p><\/td><\/tr><tr><td width=\"236\"><p>Dra Mariana Chaves<\/p><\/td><td width=\"227\"><p>Dra. en Cs Naturales<\/p><\/td><td width=\"151\"><p>UNSL-UNLP<\/p><\/td><\/tr><tr><td width=\"236\"><p>Mag. Yussef Becher<\/p><\/td><td width=\"227\"><p>Mag. En Sociedad e Instituciones<\/p><\/td><td width=\"151\"><p>UNSL<\/p><\/td><\/tr><tr><td width=\"236\"><p>Mag. Alejandro Cacace<\/p><\/td><td width=\"227\"><p>Mag. en Derecho y Econom\u00eda<\/p><\/td><td width=\"151\"><p>UNSL<\/p><\/td><\/tr><tr><td width=\"236\"><p>Mag. Ana Mar\u00eda Corti<\/p><\/td><td width=\"227\"><p>Mag. En Cs Sociales<\/p><\/td><td width=\"151\"><p>UNSL<\/p><\/td><\/tr><tr><td width=\"236\"><p>Mag. Mar\u00eda Eugenia P\u00e9rez Cubero<\/p><\/td><td width=\"227\"><p>Mag. En Derecho Ambiental y Urban\u00edstico<\/p><\/td><td width=\"151\"><p>UNSL<\/p><\/td><\/tr><tr><td width=\"236\"><p>Mag. Leticia Soledad Guti\u00e9rrez<\/p><\/td><td width=\"227\"><p>Mag. en Sociedad e Instituciones<\/p><\/td><td width=\"151\"><p>UNSL<\/p><\/td><\/tr><tr><td width=\"236\"><p>Mag. Claudio Rub\u00e9n D\u00edaz<\/p><\/td><td width=\"227\"><p>Mag. Cs Sociales<\/p><\/td><td width=\"151\"><p>UNSL<\/p><\/td><\/tr><tr><td width=\"236\"><p>Mag.\u00a0 Alejandra Mar\u00eda Rovacio<\/p><\/td><td width=\"227\"><p>Mag. en Ciencias Sociales<\/p><\/td><td width=\"151\"><p>UNSL<\/p><\/td><\/tr><tr><td width=\"236\"><p>Mag. Andrea Alejandra Straziuso<\/p><\/td><td width=\"227\"><p>Mag. en Asesoramiento Jur\u00eddico de Empresas<\/p><\/td><td width=\"151\"><p>UNSL-UNR<\/p><\/td><\/tr><tr><td width=\"236\"><p>Mag.\u00a0 M\u00f3nica Alejandra Bussetti<\/p><\/td><td width=\"227\"><p>Mag. Impacto Territoriales de la Globalizaci\u00f3n<\/p><\/td><td width=\"151\"><p>UNSL<\/p><\/td><\/tr><tr><td width=\"236\"><p>Mag. In\u00e9s Mercedes Rouquaud\u00a0<\/p><\/td><td width=\"227\"><p>Mag. En Sociedad e Instituciones<\/p><\/td><td width=\"151\"><p>UNSL<\/p><\/td><\/tr><tr><td width=\"236\"><p>Mag. Mar\u00eda In\u00e9s Peralta<\/p><\/td><td width=\"227\"><p>Mag. en Cs Sociales<\/p><\/td><td width=\"151\"><p>UNSL. UNC<\/p><\/td><\/tr><tr><td width=\"236\"><p>Mag. Anal\u00eda Auc\u00eda<\/p><\/td><td width=\"227\"><p>Mag. En Sistema Penal y Problemas Sociales<\/p><\/td><td width=\"151\"><p>UNSL-UNR<\/p><\/td><\/tr><tr><td width=\"236\"><p>Mag. M\u00f3nica Alcira P\u00e1ez<\/p><\/td><td width=\"227\"><p>Mag. en Econom\u00eda y Negocios<\/p><\/td><td width=\"151\"><p>UNSL<\/p><\/td><\/tr><tr><td width=\"236\"><p>Mag. Eugenia Cozzi<\/p><\/td><td width=\"227\"><p>Mag. en Criminolog\u00eda<\/p><\/td><td width=\"151\"><p>UNSL.<\/p><\/td><\/tr><tr><td width=\"236\"><p>Mag. N\u00e9stor Santos N\u00f3bile<\/p><\/td><td width=\"227\"><p>Mag. en Derecho Empresario. Esp. en Derecho Administrativo<\/p><\/td><td width=\"151\"><p>UNSL<\/p><\/td><\/tr><tr><td width=\"236\"><p>Mag. Virginia Carolina Vilchez<\/p><\/td><td width=\"227\"><p>Mag.\u00a0 Sociedad en Instituciones<\/p><\/td><td width=\"151\"><p>UNSL<\/p><\/td><\/tr><tr><td width=\"236\"><p>Esp. Mar\u00eda Amelia Marchisone<\/p><\/td><td width=\"227\"><p>Esp. En Educaci\u00f3n Superior<\/p><\/td><td width=\"151\"><p>UNSL<\/p><\/td><\/tr><tr><td width=\"236\"><p>Esp. Mar\u00eda Laura Estrada<\/p><\/td><td width=\"227\"><p>Esp. en Derecho de los Negocios<\/p><\/td><td width=\"151\"><p>UNSL<\/p><\/td><\/tr><tr><td width=\"236\"><p>Esp. Silvina Victoria Marrau\u00a0<\/p><\/td><td width=\"227\"><p>Esp. en Derecho Laboral<\/p><\/td><td width=\"151\"><p>UNSL<\/p><\/td><\/tr><tr><td width=\"236\"><p>Esp. Mariela Beatriz Castro<\/p><\/td><td width=\"227\"><p>Esp. en Derecho de Da\u00f1os<\/p><\/td><td width=\"151\"><p>UNSL<\/p><\/td><\/tr><tr><td width=\"236\"><p>Esp. H\u00e9ctor Alfredo L\u00e1zzari<\/p><\/td><td width=\"227\"><p>Esp. en Derecho de Familia<\/p><\/td><td width=\"151\"><p>UNSL<\/p><\/td><\/tr><tr><td width=\"236\"><p>Esp. Hilda del Valle Maggi\u00a0<\/p><\/td><td width=\"227\"><p>Esp. en Educaci\u00f3n Superior<\/p><\/td><td width=\"151\"><p>UNSL<\/p><\/td><\/tr><tr><td width=\"236\"><p>Esp.\u00a0 Myriam Rosa Rubertoni\u00a0<\/p><\/td><td width=\"227\"><p>Esp. en Educaci\u00f3n Superior<\/p><\/td><td width=\"151\"><p>UNSL<\/p><\/td><\/tr><tr><td width=\"236\"><p>Profesora Em\u00e9rita Violeta Guyot<\/p><\/td><td width=\"227\"><p>Prof. en Filosof\u00eda<\/p><\/td><td width=\"151\"><p>UNSL<\/p><\/td><\/tr><tr><td width=\"236\"><p>Abog. Sandra Anal\u00eda Frustagli\u00a0<\/p><\/td><td width=\"227\"><p>Abogada<\/p><\/td><td width=\"151\"><p>UNSL<\/p><\/td><\/tr><tr><td width=\"236\"><p>Dr. Pablo\u00a0 Marcelo Wehbe<\/p><\/td><td width=\"227\"><p>Dr. en Relaciones Internacionales<\/p><\/td><td width=\"151\"><p>UNRC<\/p><\/td><\/tr><tr><td width=\"236\"><p>Dra.\u00a0 Julieta Di Corleto<\/p><\/td><td width=\"227\"><p>Dra. en Historia<\/p><\/td><td width=\"151\"><p>UBA .<\/p><\/td><\/tr><tr><td width=\"236\"><p>Dr. Horacio Javier Etchichury<\/p><\/td><td width=\"227\"><p>Dr. en Derecho y Cs Sociales<\/p><\/td><td width=\"151\"><p>UNC<\/p><\/td><\/tr><tr><td width=\"236\"><p>Dra. Mariela Gladys Puga<\/p><\/td><td width=\"227\"><p>Dra. en Derecho Constitucional<\/p><\/td><td width=\"151\"><p>UNC<\/p><\/td><\/tr><tr><td width=\"236\"><p>Dr. Hugo Quiroga\u00a0<\/p><\/td><td width=\"227\"><p>Dr. en Filosof\u00eda<\/p><\/td><td width=\"151\"><p>UNR<\/p><\/td><\/tr><tr><td width=\"236\"><p>Dr.\u00a0 Juan Ignacio P\u00e9rez Curci<\/p><\/td><td width=\"227\"><p>Dr. en Cs Jur\u00eddicas<\/p><\/td><td width=\"151\"><p>UN CUYO.<\/p><\/td><\/tr><tr><td width=\"236\"><p>Esp. Paulo\u00a0 Andr\u00e9s Falc\u00f3n<\/p><\/td><td width=\"227\"><p>Esp. en Cs Pol\u00edticas<\/p><\/td><td width=\"151\"><p>UN TUCUM\u00c1N<\/p><\/td><\/tr><tr><td width=\"236\"><p>Mag. Claudio Flavio Augusto Esp\u00f3sito\u00a0<\/p><\/td><td width=\"227\"><p>Mag. en Derechos Humanos<\/p><\/td><td width=\"151\"><p>UNLP<\/p><\/td><\/tr><tr><td width=\"236\"><p>Mag. Alejandro Roberto Batista<\/p><\/td><td width=\"227\"><p>Mag. en Finanzas y Esp. en Derecho de Alta Tecnolog\u00eda<\/p><\/td><td width=\"151\"><p>UNLP<\/p><\/td><\/tr><tr><td width=\"236\"><p>Mag. Andr\u00e9s N\u00e1poli<\/p><\/td><td width=\"227\"><p>Mag. Derecho Ambiental<\/p><\/td><td width=\"151\"><p>UBA. UNLITORAL<\/p><\/td><\/tr><tr><td width=\"236\"><p>Mag. Gustavo Daniel Maurino<\/p><\/td><td width=\"227\"><p>Mag. en Derecho Constitucional<\/p><\/td><td width=\"151\"><p>UBA<\/p><p>U de Palermo<\/p><\/td><\/tr><tr><td width=\"236\"><p>Mag. Nicol\u00e1s Laino\u00a0<\/p><\/td><td width=\"227\"><p>Mag. Sistema Penal y Problemas Sociales<\/p><\/td><td width=\"151\"><p>U de Palermo<\/p><\/td><\/tr><tr><td width=\"236\"><p>Dr. Ramiro Dillon<\/p><\/td><td width=\"227\"><p>Dr. en Cs Jur\u00eddicas<\/p><\/td><td width=\"151\"><p>U DE MENDOZA<\/p><\/td><\/tr><\/tbody><\/table>\t\t\t\t\t\t\t\t<\/div>\n\t\t\t\t<\/div>\n\t\t\t\t\t<\/div>\n\t\t<\/div>\n\t\t\t\t\t<\/div>\n\t\t<\/section>\n\t\t\t\t\t<\/div>\n\t\t<\/div>\n\t\t\t\t\t<\/div>\n\t\t<\/section>\n\t\t\t\t<section class=\"elementor-section elementor-top-section elementor-element elementor-element-90de142 elementor-section-stretched elementor-section-full_width elementor-section-height-default elementor-section-height-default\" data-id=\"90de142\" data-element_type=\"section\" data-e-type=\"section\" data-settings=\"{&quot;stretch_section&quot;:&quot;section-stretched&quot;}\">\n\t\t\t\t\t\t<div class=\"elementor-container elementor-column-gap-default\">\n\t\t\t\t\t<div class=\"elementor-column elementor-col-100 elementor-top-column elementor-element elementor-element-264f4b5\" data-id=\"264f4b5\" data-element_type=\"column\" data-e-type=\"column\">\n\t\t\t<div class=\"elementor-widget-wrap\">\n\t\t\t\t\t\t\t<\/div>\n\t\t<\/div>\n\t\t\t\t\t<\/div>\n\t\t<\/section>\n\t\t\t\t<\/div>\n\t\t","protected":false},"excerpt":{"rendered":"<p>ESPECIALIZACI\u00d3N EN DDHH Y ACCESO A LA JUSTICIA Facultad de Ciencias Econ\u00f3micas, Jur\u00eddicas y Sociales Volver Cuerpo Docente Nombre y Apellido Titulo Universidad Dra. Mar\u00eda&hellip;<\/p>\n","protected":false},"author":2,"featured_media":0,"parent":0,"menu_order":0,"comment_status":"closed","ping_status":"closed","template":"","meta":{"_exactmetrics_skip_tracking":false,"_exactmetrics_sitenote_active":false,"_exactmetrics_sitenote_note":"","_exactmetrics_sitenote_category":0,"footnotes":""},"class_list":["post-199","page","type-page","status-publish","hentry"],"_links":{"self":[{"href":"https:\/\/edhyaj.fcejs.unsl.edu.ar\/index.php\/wp-json\/wp\/v2\/pages\/199","targetHints":{"allow":["GET"]}}],"collection":[{"href":"https:\/\/edhyaj.fcejs.unsl.edu.ar\/index.php\/wp-json\/wp\/v2\/pages"}],"about":[{"href":"https:\/\/edhyaj.fcejs.unsl.edu.ar\/index.php\/wp-json\/wp\/v2\/types\/page"}],"author":[{"embeddable":true,"href":"https:\/\/edhyaj.fcejs.unsl.edu.ar\/index.php\/wp-json\/wp\/v2\/users\/2"}],"replies":[{"embeddable":true,"href":"https:\/\/edhyaj.fcejs.unsl.edu.ar\/index.php\/wp-json\/wp\/v2\/comments?post=199"}],"version-history":[{"count":3,"href":"https:\/\/edhyaj.fcejs.unsl.edu.ar\/index.php\/wp-json\/wp\/v2\/pages\/199\/revisions"}],"predecessor-version":[{"id":321,"href":"https:\/\/edhyaj.fcejs.unsl.edu.ar\/index.php\/wp-json\/wp\/v2\/pages\/199\/revisions\/321"}],"wp:attachment":[{"href":"https:\/\/edhyaj.fcejs.unsl.edu.ar\/index.php\/wp-json\/wp\/v2\/media?parent=199"}],"curies":[{"name":"wp","href":"https:\/\/api.w.org\/{rel}","templated":true}]}}